)*5. Suppose -o + f = o. Is o a composite number?
False
Suppose 5*c - 4*y - y = 3860, y = -5*c + 3842. Is c composite?
False
Suppose 2*p = 3*p + r - 55, 2*p = 5*r + 138. Let h = -20 + p. Is h a composite number?
True
Let y = -9 + 19. Let w = y + -7. Suppose -w*c - 13 = -55. Is c a composite number?
True
Suppose 0*m = -5*m. Suppose 3*a - 2*f - 231 = 0, m = -4*a - f + 174 + 134. Is a a prime number?
False
Let n = 167 - -39. Is n composite?
True
Let a = 566 + -389. Suppose -4*m = -m - a. Is m composite?
False
Suppose 3*m - 4 - 2 = 0. Let o = 14 - m. Is ((-616)/o)/((-2)/3) a prime number?
False
Let u = 39 + -27. Suppose 2*c - 36 = 2*a - u, -5*c - 2*a = -60. Let g = 7 + c. Is g a composite number?
False
Let h = 1455 + -1033. Is h composite?
True
Let u = -103 - -172. Suppose 0 = -5*p - 4*a + u, 29 = p + p + 3*a. Is p prime?
True
Suppose 2*x + 0*x - 2238 = 0. Is x a prime number?
False
Let z(r) = 7*r**3 + r - 1. Is z(3) a composite number?
False
Suppose -3*q = 25 - 640. Is q prime?
False
Let k(y) = 161*y + 24. Is k(7) a prime number?
True
Suppose 0 = 2*d + 2*x - 656, -1011 = -5*d + 2*x + 650. Is d a prime number?
True
Suppose -5*c - 2*n = -2469, -4*c + n = 4*n - 1978. Is c a prime number?
False
Suppose 3*c + 15115 = -5*p + 39284, p - 4831 = -2*c. Is p prime?
False
Is (-3385)/2*10/(-25) a prime number?
True
Let a(d) = -d**3 + 4*d**2 - 2*d - 2. Let u be a(2). Suppose u*l + 358 = -0*k + 3*k, k = -4. Let b = 312 + l. Is b composite?
False
Suppose c - 2317 - 1138 = 0. Is c prime?
False
Suppose -16 = -2*m - 0*n - 2*n, 3*n = 3*m. Suppose -2*t + 436 = 2*t - m*u, -2*u = 5*t - 545. Is t a prime number?
True
Suppose 5*l - 16 = -1. Suppose -426 = -4*f + l*v - 77, 3*v + 94 = f. Is f prime?
False
Let u = 6 - 8. Let y be u/2*2/(-1). Suppose -y*j + 20 = -0*j. Is j a composite number?
True
Suppose -74 = -h - 0*m - 4*m, -4*h - 4*m + 308 = 0. Let z = 115 - h. Is z composite?
False
Let f(b) = -31*b + 3. Suppose -3*o = -2*j - 20, 4*o - 12 = 6*o + 5*j. Let v(l) = -2*l + 4. Let h be v(o). Is f(h) a composite number?
False
Suppose 0 = 14*p - 5114 - 1088. Is p prime?
True
Let c(s) = -3*s**2 + 2*s + 2. Suppose -d - 4 = -5*d, -5*d + 1 = -a. Let r be c(a). Let q = 45 - r. Is q composite?
False
Let b(p) = 38*p**2 - 2*p + 1. Is b(2) composite?
False
Is (-23500)/(-28) - (-4)/(-14) composite?
False
Suppose -589 - 6506 = -5*w + 5*j, -5*w + 2*j + 7092 = 0. Is w a prime number?
False
Let g(c) be the third derivative of c**6/120 + c**5/10 + c**3/2 + 3*c**2. Let x be g(-6). Suppose 3*k - 2*k = 2*z + 11, 0 = -x*k + 3*z + 21. Is k composite?
False
Suppose 0 = -4*f + 4*z + 216 + 232, 340 = 3*f + z. Is f a prime number?
True
Let j(p) = -p + 13. Suppose -5*a + 23 = -7. Let i be j(a). Suppose -v + 22 = i. Is v a prime number?
False
Suppose -8*k = -3*k - 470. Suppose k = 2*a - 136. Is a a prime number?
False
Let d = -76 - -107. Is d composite?
False
Is ((-3)/(-6))/((-1)/(-586)) composite?
False
Let k = -6 - -13. Let b = k - 7. Suppose -5*z + b*v = v - 333, -v - 2 = 0. Is z composite?
False
Suppose 5*g + 11 = 1. Is ((-30)/6)/(g/82) a composite number?
True
Let m be -4 - (1 - 4) - -2211. Suppose 0*r = -l + 5*r + 470, 3*r - m = -5*l. Is l a prime number?
False
Let n(b) = b**3 + 4*b**2 - 6*b. Let f be n(-8). Let t be f/(-5)*20/4. Suppose -5*s = -177 - t. Is s prime?
False
Suppose h = f + 5, -51 + 12 = -5*h - 2*f. Suppose -3*a - h = -19. Let g(i) = i**2 - i + 3. Is g(a) a prime number?
False
Let y = 0 - -2. Suppose 279 = -y*v + 5*v. Is v a prime number?
False
Let b(j) = 13*j**2 + 12. Is b(-5) composite?
False
Let l(h) = -20*h - 3. Let a = -4 + 7. Suppose -3*r - 23 = 4*o, 5*r - 8 = a*o - 27. Is l(o) a prime number?
True
Let g = -1617 - -2270. Is g composite?
False
Suppose 5*k = -5*c + 1025, -2*c + 410 = -0*k + 5*k. Is c composite?
True
Suppose 4*w = 4*z + 48, -w + 6*w + 5*z = 10. Is 326/w - (-9)/21 prime?
True
Let i be (-2)/9 + 87/27. Let z be (i - 57/15)*-195. Is ((-6)/9)/((-8)/z) a prime number?
True
Let z = -6 - -5. Is (2 + z)/(2/92) a prime number?
False
Let z(o) = 2*o**2 + 3*o + 2. Let y be z(-2). Suppose 18 = -5*t - 2, 4*t + 300 = y*w. Suppose 0 = -3*b + w + 178. Is b a composite number?
False
Let u(i) = 156*i**2 - i. Is u(-1) composite?
False
Let i be 9/15*(-10)/(-2). Suppose 0 = -2*l + i*l - 1. Is (17/l)/(1/5) a composite number?
True
Suppose -415 = 5*l + 515. Let u = -101 - l. Is u prime?
False
Let r = 327 - 28. Is r a prime number?
False
Suppose -2*g + 6 = 0, 5*p - 5*g - 127 = 43. Is p a composite number?
False
Let a(q) = q**3 + 2*q**2 - 3*q + 3. Let o be a(-3). Suppose 0 = b - 6 + o. Suppose 3*g = -4*i + 6, -i + 4*g = -14 + b. Is i a composite number?
False
Is (-5)/(-6)*3*106 composite?
True
Is ((-6)/5)/((-6)/555) composite?
True
Suppose 5*v = -c - 7669 - 19651, 5*c = 25. Let l be (-4)/18 - v/9. Suppose 116 = 3*f - 2*f + k, 5*f - 4*k - l = 0. Is f a prime number?
False
Is (-1 - 0)/(5063/(-2531) + 2) prime?
True
Suppose 2*b - 3 = 25. Suppose -5*n + 46 = -b. Is (n/18)/(2/399) composite?
True
Is (12/6)/(-1 - (-2406)/2402) prime?
True
Let t = 6 + -4. Suppose t*z + o = 95, -o + 5*o + 126 = 3*z. Is (z*2 - -2) + 1 a composite number?
True
Suppose 55*v = 54*v + 2413. Is v a composite number?
True
Suppose 0 = 4*t + y - 9769, -5*t + 0*y + 12220 = 3*y. Is t prime?
True
Let q = 96 - 46. Suppose q = 2*c - 3*n - n, -n - 3 = 0. Is c prime?
True
Suppose -6*p + 3*p + 132 = 0. Let l = -3 - -6. Suppose 5*q - p = -3*m + 112, -150 = -3*m - l*q. Is m a composite number?
False
Suppose -3*b - 4*l + 8870 = l, 3*b - 8880 = -3*l. Is b a composite number?
True
Let g(a) = -7*a**2 + 3*a - 2. Let z be g(1). Let t = z + 20. Is t composite?
True
Let t(l) be the second derivative of l**3/6 + 71*l**2/2 - l. Is t(0) a prime number?
True
Let p(t) = -251*t**3 + t**2 + t. Is p(-1) a prime number?
True
Let j(a) = 18*a + 5. Let i(g) = -18*g - 5. Let t(r) = 5*i(r) + 6*j(r). Suppose 14 = 4*p - 2, 4*x = -p + 20. Is t(x) composite?
True
Let u(c) = -19*c. Let k be u(-1). Suppose 3*j - 2*j = k. Is j a composite number?
False
Let i(k) = -k**2 - k + 3. Let l be i(0). Suppose -l*m = -2*v + 2, -m = 3*v - 0*v - 14. Suppose -m*j = -14 - 4. Is j prime?
False
Suppose 5*w - 1017 = 2*w. Is w a composite number?
True
Let x(a) = 5*a - 7. Let o(r) = 9*r - 13. Let c(f) = 3*o(f) - 5*x(f). Let v be c(3). Suppose -1 = -v*t + 19. Is t a composite number?
True
Let z = 9 - 6. Let t be -1 + (z - 1) + -18. Let s = 144 + t. Is s composite?
False
Is (18 - -3) + 2/(-3 - -2) composite?
False
Suppose -4*g + 3*t + 207 = 0, t = 2*t + 5. Let f(m) = -63*m + 1. Let b be f(-2). Suppose -4*s + 3*z + b = 0, 2*z + 205 - g = 5*s. Is s a prime number?
True
Let u(s) = -s**2 - 7*s + 5. Let f(a) = -8*a**2 + 2*a - 1. Let k be f(1). Let p be u(k). Suppose -p*g + 53 + 42 = 0. Is g a composite number?
False
Suppose -218 - 290 = -4*a. Is a prime?
True
Let j be ((-4)/(-6))/(6/63). Let c = 10 - j. Is 2/((6/79)/c) composite?
False
Let f(i) = 22*i**2 - 3*i + 4. Suppose -2*a - 2*a = 12. Is f(a) a prime number?
True
Let q = 697 - 230. Is q composite?
False
Let n(h) = 14*h - 17. Suppose -10*v + 36 = -6*v. Is n(v) composite?
False
Suppose 246 = -2*c - v, -3*v + 480 = -4*c + v. Let w = 799 + c. Is w a composite number?
False
Let j = -301 + -3773. Is ((-6)/(-18))/((-2)/j) a prime number?
False
Let k(t) = -470*t**3 - 2*t**2 - t. Let p be k(-1). Suppose 0 = u - 2*u + p. Is u prime?
False
Suppose m - 5*s = 981, -5*m = 2*s + s - 4821. Suppose -2*q - 2433 = -5*f, 0*q = 2*f + q - m. Is f composite?
True
Suppose -4*c + 5 = -3. Is (1/c)/(1/166) composite?
False
Let p be -1 - 1*7/(-1). Suppose 15*j - 36 = 3*j. Is 108/(p - j) + 1 prime?
True
Let m(z) = z. Let h be m(1). Is 49 - (0 + -3 + h) composite?
True
Suppose 0 = -2*t - 3*d + 1, 0 = -5*t - 3*d - d - 1. Let v be 72 + 1*(2 + t). Suppose -2*i = -45 - v. Is i a composite number?
False
Let m(t) = 176*t**2 + 3*t + 3. Is m(2) prime?
False
Suppose -5*k + 21000 = 5*b, 0 = 2*b - 3*k + 2*k - 8403. Is b a prime number?
True
Suppose 2*j = -5*u + j + 2590, -5*u = 4*j - 2605. Is u prime?
False
Let z(v) = v**2 - 17*v. Let n be z(12). Let g = -27 - n. Is g prime?
False
Suppose -5*i + 2*i + 12 = 0. Suppose -3*p - 316 = -i*p. Suppose -b = -5*b + p. Is b a prime number?
True
Let x be (-1 - 1/(-1)) + 2826. Let w be (-6)/10 + x/10. Is (-3 + 5)/(4/w) prime?
Fals